 s be v(-5). Let r = k + s. Is r a multiple of 6?
False
Suppose -j = -5*j. Suppose 5*a - 7*a = j. Is 6 a factor of (2 - a) + (-57)/(-3)?
False
Let q = -11 + 12. Let i(c) = 9*c + 1. Does 10 divide i(q)?
True
Suppose 0 = 2*b - 4*q - 1 - 7, 0 = b - q - 4. Let w(r) = 7*r**2 + 15*r. Let a(k) = 3*k**2 + 7*k. Let j(u) = b*w(u) - 9*a(u). Is j(4) even?
True
Suppose -2*s + 4*x + 6 = 3*x, 3*s = x + 9. Suppose -6 - 3 = -s*m. Is 22 a factor of 35 + ((-6)/m - 0)?
False
Let q = -10 - -16. Let f = -3 - q. Is -66*(-1 - 6/f) a multiple of 12?
False
Suppose -3*o + 2*o = -46. Let y = 65 - o. Does 19 divide y?
True
Let i(b) = -b**3 + 4*b**2 + 5*b + 2. Let y be i(5). Let p(r) = r**2 + 2*r - 3. Does 5 divide p(y)?
True
Is 5 a factor of 352/28 + (-3)/(-7)?
False
Suppose 4*k - 34 = -0*k + 2*l, -l = -k + 11. Suppose -17 = -a + 2*p, -7*p + 23 = a - 3*p. Suppose v + k = a. Is v a multiple of 5?
False
Let o(z) = 5*z**2 + 34*z + 50. Let y(w) = w**2 + 7*w + 10. Let k(u) = -2*o(u) + 11*y(u). Let x = -18 + 9. Does 5 divide k(x)?
True
Suppose -u + 2*u = 2*w + 17, -w = 1. Does 3 divide u?
True
Let h be (2/5)/(3/615). Suppose 5*v - h = 68. Is v a multiple of 15?
True
Is (1 - 1 - -1) + 35 a multiple of 8?
False
Suppose 0 = 3*a + 9, -g + 71 - 17 = -3*a. Is g a multiple of 15?
True
Let v(l) = l**3 + 4*l**2 + 3*l - 10. Is 27 a factor of v(4)?
False
Let s = 32 + -24. Does 8 divide s?
True
Suppose i = 3*i - 6. Suppose j = 5*n - 0*j - 1, i = 4*n - 3*j. Suppose 3*p - p + s - 93 = n, -4*p + 189 = 5*s. Is 23 a factor of p?
True
Let v = -11 + 15. Let r be (2/v)/(3/12). Suppose -j + r*t = -4, -t - t = 0. Does 2 divide j?
True
Let z(m) = 1 + 0 - 2 - m. Let y(a) = a**3 - 3*a**2 - 6*a + 1. Let u be y(4). Is z(u) a multiple of 3?
True
Let x(y) = -y**2 + 8*y + 4. Let a be x(5). Let w = -2 + a. Is w a multiple of 17?
True
Let y be 116/36 - 4/18. Does 15 divide -3 - (-28)/2*y?
False
Suppose 4*k = 15 + 53. Is k a multiple of 9?
False
Suppose -g - g = 2. Does 21 divide g + 3 - (-19 + -5)?
False
Let z be 2/1 - (3 + -5). Suppose -210 = -z*l - 2*n - 3*n, 0 = -5*l + 3*n + 281. Is l a multiple of 27?
False
Suppose -2*r - 141 = -5*l, -3*l - 2*r + 75 = -0*r. Is 21 a factor of l?
False
Let u(a) = 10*a - 3. Is u(3) a multiple of 3?
True
Is -1 - -9 - (7 - 11) a multiple of 4?
True
Suppose -w + 50 = 4. Is w a multiple of 12?
False
Suppose 5*t + 3*k - 1204 = 0, -1417 + 205 = -5*t + k. Is 11 a factor of t?
True
Suppose n = 16 + 5. Is n a multiple of 7?
True
Suppose 5*z - 3*z = -22. Suppose 4*f - 3*u = -21, 5*u - 15 = 3*f - 2. Let k = f - z. Does 2 divide k?
False
Let g(j) = -7*j**2 - 9*j + 1. Let h(x) = -57*x**2 - 72*x + 9. Let m(p) = -33*g(p) + 4*h(p). Is 22 a factor of m(-7)?
False
Is 338/6 - (-11)/(-33) a multiple of 14?
True
Is 4/(-7) + (-520)/(-28) + 0 a multiple of 9?
True
Let y = -60 + 76. Is 16 a factor of y?
True
Suppose -3*w = -3*q + 234, 4*w + 4 = -4. Is 16 a factor of q?
False
Suppose 2*k = -4*n - 10, 5*n + k - 3*k - 1 = 0. Let s(i) = 19*i**2 - i - 1. Let d be s(n). Suppose -4*l = -3*y + d, -l + 11 = 3*y - 2*y. Is 9 a factor of y?
True
Let o(n) = -n**3 + 4*n**2 - 3*n + 2. Let d be o(3). Suppose -12 = -2*l + d. Suppose 0*x - x + l = 0. Does 3 divide x?
False
Let z(c) be the first derivative of c**4/4 + 2*c**3/3 - 3*c**2/2 - 3*c - 2. Let t be z(-2). Suppose 3*h = -5*i + 81, -6*i - t*h = -2*i - 66. Does 15 divide i?
True
Suppose 420 = -t + 6*t. Is 12 a factor of t?
True
Suppose -3*l - 3 = -5*q - 4, 3*l - 33 = -3*q. Does 22 divide 1/l - (-921)/21?
True
Let v be -12*(2 + (-14)/6). Suppose -v*j + 3*j = -66. Suppose j = 3*a - 3*d, 3*d - 8*d = 0. Is 11 a factor of a?
True
Suppose -4*l + 278 + 138 = 0. Is 26 a factor of l?
True
Let l(k) = -14*k + 13. Does 17 divide l(-6)?
False
Let w be 12/54 - (-195)/(-27). Let n(m) = -8*m + 2 + 0*m**2 - m**2 - 4. Is n(w) a multiple of 4?
False
Suppose 3*o - 32 = 2*y, 0 = o + o - 3*y - 13. Does 4 divide o?
False
Let q be 1/(-1)*(3 + -3). Let x = 3 + q. Let d = x + 1. Does 4 divide d?
True
Let f(q) = -q + 17. Does 7 divide f(0)?
False
Let a = -22 + 51. Is 8 a factor of a?
False
Let r = 16 - 1. Suppose -5*c + r = v, -5*c + 0*c - 2*v = -20. Suppose -c*w - 3*w + 45 = 0. Is 7 a factor of w?
False
Let a = -50 - -85. Suppose -y = 5*v - 11, 8*v + 2*y - 12 = 3*v. Suppose -v*m = -a + 5. Does 5 divide m?
True
Does 8 divide 93*(2/6 - 0)?
False
Is -4 + ((-236)/(-6))/((-22)/(-33)) a multiple of 55?
True
Suppose -5*s + 4*s = 0. Suppose s = 2*m - 16 - 54. Does 20 divide m?
False
Is (-30)/8*(-48)/9 a multiple of 10?
True
Let h = 4 + 1. Suppose 6 = -n + 2, -h*b + 146 = -4*n. Is 26 a factor of b?
True
Let s(z) = 15*z - 33. Is s(7) a multiple of 18?
True
Suppose -i + 3 = -2. Is (2 + -1)/(1/i) even?
False
Let o(d) = d**2 + d - 7. Let a be o(-5). Suppose 1 = -q + a. Is 12 a factor of q?
True
Suppose 0 = -p + 27 - 10. Suppose 3*r - 2*r = -9. Let f = p - r. Does 16 divide f?
False
Let t = -1 - -5. Suppose t*k = 19 + 9. Is 7 a factor of k?
True
Let s = -8 + 25. Is 3 a factor of s?
False
Let a(h) be the third derivative of 2*h**5/15 + h**4/24 + 3*h**2. Let g be a(-2). Let k = 48 - g. Does 14 divide k?
False
Let d(o) = -o**3 + 6*o**2 + 5*o + 16. Let m be d(7). Suppose -m*a + 3*i + 32 = -27, -3*a = 3*i - 81. Is a a multiple of 14?
True
Suppose 17*i = i + 1664. Is i a multiple of 26?
True
Does 11 divide 151/7 + (-16)/28?
False
Let h = -15 + 21. Suppose -h*t = -t - 85. Is 17 a factor of t?
True
Suppose 2*w = 4*i + 76, i - 92 = -4*w - 3*i. Let o be (-160)/w + (-4)/14. Let r(y) = -4*y + 8. Is 16 a factor of r(o)?
True
Let b(r) = r**3 - 5*r**2 - 7*r + 7. Let f be b(6). Let u be (3 + 4)*(0 + f). Suppose -3*x - 2*x - l = -u, -2*x - 8 = 4*l. Is x even?
True
Suppose -2*f - 1 + 11 = 0. Let x = 7 - f. Is 2 a factor of x?
True
Let d = -2 + 0. Does 14 divide ((-32)/10)/d*10?
False
Suppose 7*p - 2*p - 20 = 0. Suppose p*g - 2*g = -74. Let c = -4 - g. Is c a multiple of 11?
True
Let h be (1 - 5)/(4/46). Let q be h/(-4) - (-2)/(-4). Let z = q + -7. Is 2 a factor of z?
True
Let s(t) = -20*t - 4. Is s(-3) a multiple of 15?
False
Let n be 2/(-3) + (-5474)/(-21). Let a = n + -180. Does 20 divide a?
True
Let x(i) = i**3 + 9*i**2 + 10*i - 9. Let c be x(-8). Let d = -6 - c. Does 19 divide d?
True
Suppose -3*u - 399 = -5*v, 318 = 5*v - v - 2*u. Is 26 a factor of v?
True
Suppose -q - 2*q - 27 = 0. Let s(z) = z**2 + 5*z - 10. Does 11 divide s(q)?
False
Let m = 3 + -3. Suppose -4*t + 3*t - 18 = m. Is (-6)/27 - 40/t a multiple of 2?
True
Let y(n) = 2*n**2 - 8*n - 10. Is 13 a factor of y(9)?
False
Let c(q) = 2*q**2 + 3*q + 3. Let y be c(-1). Suppose 16*u = 15*u + y. Is 2 a factor of u?
True
Let k(p) be the first derivative of 3*p**4/4 + p**3/3 + p**2 - p + 4. Is k(2) a multiple of 8?
False
Is ((-81)/12)/(3/(-32)) a multiple of 36?
True
Let l = -2 - -6. Suppose 0 = -l*c + 6*c - 128. Let g = c - 38. Is 10 a factor of g?
False
Let c = -7 + 14. Suppose 2*h = 4*h - 46. Suppose -3*a - h = -4*g, -2*g + a = -18 + c. Is 2 a factor of g?
False
Let q(c) be the second derivative of c**4/12 - c**3/3 - 5*c**2/2 + c. Is 21 a factor of q(-6)?
False
Let t(y) = 2*y. Let u be t(3). Suppose -x + u = 1. Is 3 - 5 - (-1 - x) a multiple of 4?
True
Suppose 5*c + 16 = 3*c. Let q = c - 0. Does 13 divide (-234)/q + (-4)/16?
False
Let g be 1/(321/(-159) - -2). Let b = -6 - g. Suppose b = -3*f + 134. Does 12 divide f?
False
Suppose -v = -2*w + 615, -5*w + 7*w = 5*v + 619. Is w a multiple of 10?
False
Let w = -53 + 119. Is 11 a factor of w?
True
Let v(w) = -8*w - 1. Does 15 divide v(-2)?
True
Let y be (-1)/(-2)*-34*-1. Let h = y + 9. Does 13 divide h?
True
Let b(w) = -9*w - 24. Does 42 divide b(-12)?
True
Is 27 a factor of (-8)/(((-6)/15)/(28/20))?
False
Let q(m) = 20*m**3 - 1 - 4*m**3 + 11*m**3. Is q(1) a multiple of 13?
True
Let i = -9 + 8. Is 5 a factor of 9 + i + (1 - 3)?
False
Let c = -862 - -484. Let r = 193 + c. Is 9 a factor of (-12)/(-66) + r/(-11)?
False
Suppose 5*u - 4 = 4*d + 4, 0 = -5*u + 5*d + 10. Suppose -w - b - 5 = 4*b, u = 4*w - 4*b + 20. Is 3 a factor of 16/10*(0 - w)?
False
Suppose 5*a - 14*a + 639 = 0. Is a a multiple of 37?
False
Suppose 2*a - 4*v = 4*a - 86, -a - 5*v + 55 = 0. Let r = a + 1. Does 25 divide r?
False
Let v = 0 + 5. Suppose -5*l + 4*k + 5 = 0, 2*l = -0*k - 2*k + 2. Suppose v*a + 16 = -0*m - 3*m, -l = -2*m - a. Is m even?